{"id":644,"date":"2013-09-04T15:56:13","date_gmt":"2013-09-04T13:56:13","guid":{"rendered":"http:\/\/bier.rub.de\/?page_id=644"},"modified":"2013-10-02T22:23:42","modified_gmt":"2013-10-02T20:23:42","slug":"so-nicht-vrr","status":"publish","type":"page","link":"http:\/\/bier.rub.de\/?page_id=644","title":{"rendered":"So nicht, VRR!"},"content":{"rendered":"<p class=\"lead\"><em><\/em>Hier wollen wir die Informationen, Aufrufe und Hintergr\u00fcnde zur Kampagne &#8222;So nicht, VRR!&#8220; b\u00fcndeln. Diese Kampagne wurde von den ASten im VRR-Gebiet gestartet, nach dem der VRR eine 43% Preiserh\u00f6hung des Semestertickets forderte und sich in den Verhandlungen nicht gerade kompromissbereit zeigte.<\/p>\n<p>Hier erfahrt Ihr alles zur <a href=\"http:\/\/bier.rub.de\/?cat=23\">Demonstration gegen die Preiserh\u00f6hung am 27.09.<\/a> und die <a href=\"http:\/\/bier.rub.de\/?cat=25\">Hintergr\u00fcnde zu den Verhandlungen<\/a>. Zus\u00e4tzlich gibt es unter <a href=\"http:\/\/bier.rub.de\/?cat=26\">Semesterticket<\/a> ein paar service-orientierte Artikel f\u00fcr Erstis und alte Hasen rund um das VRR-Ticket und das NRW-Ticket an der Ruhr-Uni Bochum.<\/p>\n","protected":false},"excerpt":{"rendered":"<p>Hier wollen wir die Informationen, Aufrufe und Hintergr\u00fcnde zur Kampagne &#8222;So nicht, VRR!&#8220; b\u00fcndeln. Diese Kampagne wurde von den ASten im VRR-Gebiet gestartet, nach dem der VRR eine 43% Preiserh\u00f6hung des Semestertickets forderte und sich in den Verhandlungen nicht gerade kompromissbereit zeigte. Hier erfahrt Ihr alles zur Demonstration gegen die Preiserh\u00f6hung am 27.09. und die&#8230;  <a href=\"http:\/\/bier.rub.de\/?page_id=644\" class=\"more-link\" title=\"Read So nicht, VRR!\">Read more &raquo;<\/a><\/p>\n","protected":false},"author":1,"featured_media":0,"parent":0,"menu_order":0,"comment_status":"closed","ping_status":"closed","template":"","meta":[],"_links":{"self":[{"href":"http:\/\/bier.rub.de\/index.php?rest_route=\/wp\/v2\/pages\/644"}],"collection":[{"href":"http:\/\/bier.rub.de\/index.php?rest_route=\/wp\/v2\/pages"}],"about":[{"href":"http:\/\/bier.rub.de\/index.php?rest_route=\/wp\/v2\/types\/page"}],"author":[{"embeddable":true,"href":"http:\/\/bier.rub.de\/index.php?rest_route=\/wp\/v2\/users\/1"}],"replies":[{"embeddable":true,"href":"http:\/\/bier.rub.de\/index.php?rest_route=%2Fwp%2Fv2%2Fcomments&post=644"}],"version-history":[{"count":8,"href":"http:\/\/bier.rub.de\/index.php?rest_route=\/wp\/v2\/pages\/644\/revisions"}],"predecessor-version":[{"id":818,"href":"http:\/\/bier.rub.de\/index.php?rest_route=\/wp\/v2\/pages\/644\/revisions\/818"}],"wp:attachment":[{"href":"http:\/\/bier.rub.de\/index.php?rest_route=%2Fwp%2Fv2%2Fmedia&parent=644"}],"curies":[{"name":"wp","href":"https:\/\/api.w.org\/{rel}","templated":true}]}}

<p class="lead"><em></em>Hier wollen wir die Informationen, Aufrufe und Hintergründe zur Kampagne &#8222;So nicht, VRR!&#8220; bündeln. Diese Kampagne wurde von den ASten im VRR-Gebiet gestartet, nach dem der VRR eine 43% Preiserhöhung des Semestertickets forderte und sich in den Verhandlungen nicht gerade kompromissbereit zeigte.</p>
<p>Hier erfahrt Ihr alles zur <a href="http://bier.rub.de/?cat=23">Demonstration gegen die Preiserhöhung am 27.09.</a> und die <a href="http://bier.rub.de/?cat=25">Hintergründe zu den Verhandlungen</a>. Zusätzlich gibt es unter <a href="http://bier.rub.de/?cat=26">Semesterticket</a> ein paar service-orientierte Artikel für Erstis und alte Hasen rund um das VRR-Ticket und das NRW-Ticket an der Ruhr-Uni Bochum.</p>

<p>Hier wollen wir die Informationen, Aufrufe und Hintergründe zur Kampagne &#8222;So nicht, VRR!&#8220; bündeln. Diese Kampagne wurde von den ASten im VRR-Gebiet gestartet, nach dem der VRR eine 43% Preiserhöhung des Semestertickets forderte und sich in den Verhandlungen nicht gerade kompromissbereit zeigte. Hier erfahrt Ihr alles zur Demonstration gegen die Preiserhöhung am 27.09. und die&#8230;  <a href="http://bier.rub.de/?page_id=644" class="more-link" title="Read So nicht, VRR!">Read more &raquo;</a></p>
