{"id":534,"date":"2013-07-12T15:05:38","date_gmt":"2013-07-12T13:05:38","guid":{"rendered":"http:\/\/bier.rub.de\/?page_id=534"},"modified":"2013-10-02T22:22:30","modified_gmt":"2013-10-02T20:22:30","slug":"kennenlernen-2","status":"publish","type":"page","link":"http:\/\/bier.rub.de\/?page_id=534","title":{"rendered":"Kennenlernen"},"content":{"rendered":"<p class=\"lead\">Hier erfahrt Ihr, wer sich hinter dem K\u00fcrzel B.I.E.R. verbirgt, was wir f\u00fcr Ansichten \u00fcber (allgemein)politische Themen haben und wo Ihr zu unseren Treffen dazusto\u00dfen k\u00f6nnt.<\/p>\n<img loading=\"lazy\" class=\"aligncenter size-full wp-image-54\" alt=\"bier_ist_gut\" src=\"https:\/\/dbs-lin.ruhr-uni-bochum.de\/bier\/wp-content\/uploads\/2013\/06\/bier_ist_gut.jpg\" width=\"348\" height=\"369\" srcset=\"http:\/\/bier.rub.de\/wp-content\/uploads\/2013\/06\/bier_ist_gut.jpg 348w, http:\/\/bier.rub.de\/wp-content\/uploads\/2013\/06\/bier_ist_gut-282x300.jpg 282w\" sizes=\"(max-width: 348px) 100vw, 348px\" \/>\n","protected":false},"excerpt":{"rendered":"<p>Hier erfahrt Ihr, wer sich hinter dem K\u00fcrzel B.I.E.R. verbirgt, was wir f\u00fcr Ansichten \u00fcber (allgemein)politische Themen haben und wo Ihr zu unseren Treffen dazusto\u00dfen k\u00f6nnt.<\/p>\n","protected":false},"author":1,"featured_media":0,"parent":0,"menu_order":0,"comment_status":"closed","ping_status":"closed","template":"","meta":[],"_links":{"self":[{"href":"http:\/\/bier.rub.de\/index.php?rest_route=\/wp\/v2\/pages\/534"}],"collection":[{"href":"http:\/\/bier.rub.de\/index.php?rest_route=\/wp\/v2\/pages"}],"about":[{"href":"http:\/\/bier.rub.de\/index.php?rest_route=\/wp\/v2\/types\/page"}],"author":[{"embeddable":true,"href":"http:\/\/bier.rub.de\/index.php?rest_route=\/wp\/v2\/users\/1"}],"replies":[{"embeddable":true,"href":"http:\/\/bier.rub.de\/index.php?rest_route=%2Fwp%2Fv2%2Fcomments&post=534"}],"version-history":[{"count":2,"href":"http:\/\/bier.rub.de\/index.php?rest_route=\/wp\/v2\/pages\/534\/revisions"}],"predecessor-version":[{"id":866,"href":"http:\/\/bier.rub.de\/index.php?rest_route=\/wp\/v2\/pages\/534\/revisions\/866"}],"wp:attachment":[{"href":"http:\/\/bier.rub.de\/index.php?rest_route=%2Fwp%2Fv2%2Fmedia&parent=534"}],"curies":[{"name":"wp","href":"https:\/\/api.w.org\/{rel}","templated":true}]}}

<p class="lead">Hier erfahrt Ihr, wer sich hinter dem Kürzel B.I.E.R. verbirgt, was wir für Ansichten über (allgemein)politische Themen haben und wo Ihr zu unseren Treffen dazustoßen könnt.</p>
<img loading="lazy" class="aligncenter size-full wp-image-54" alt="bier_ist_gut" src="https://dbs-lin.ruhr-uni-bochum.de/bier/wp-content/uploads/2013/06/bier_ist_gut.jpg" width="348" height="369" srcset="http://bier.rub.de/wp-content/uploads/2013/06/bier_ist_gut.jpg 348w, http://bier.rub.de/wp-content/uploads/2013/06/bier_ist_gut-282x300.jpg 282w" sizes="(max-width: 348px) 100vw, 348px" />

<p>Hier erfahrt Ihr, wer sich hinter dem Kürzel B.I.E.R. verbirgt, was wir für Ansichten über (allgemein)politische Themen haben und wo Ihr zu unseren Treffen dazustoßen könnt.</p>
