{"id":256,"date":"2013-06-22T18:49:34","date_gmt":"2013-06-22T16:49:34","guid":{"rendered":"http:\/\/bier.rub.de\/?page_id=256"},"modified":"2013-10-02T22:25:18","modified_gmt":"2013-10-02T20:25:18","slug":"und-die-rub","status":"publish","type":"page","link":"http:\/\/bier.rub.de\/?page_id=256","title":{"rendered":"und die RUB"},"content":{"rendered":"<p style=\"text-align: left;\" class=\"lead\">Die Ruhr-Universit\u00e4t <a href=\"http:\/\/www.stupidedia.org\/stupi\/Bochum\">Bochum<\/a> ist ein Hafen. In ihm liegen Schiffe, die jeden Moment losfahren k\u00f6nnten. Wenn alle Schiffe weg sind, dann wird der <a href=\"http:\/\/www.stupidedia.org\/stupi\/Kapit%C3%A4n\">Kapit\u00e4n<\/a>, Elmar Weiler, mit dem Audimax untergehen denn das ist ja seine Pflicht.<img loading=\"lazy\" class=\"aligncenter size-full wp-image-258\" alt=\"hafen\" src=\"http:\/\/bier.rub.de\/wp-content\/uploads\/2013\/06\/hafen.png\" width=\"401\" height=\"248\" srcset=\"http:\/\/bier.rub.de\/wp-content\/uploads\/2013\/06\/hafen.png 401w, http:\/\/bier.rub.de\/wp-content\/uploads\/2013\/06\/hafen-300x185.png 300w\" sizes=\"(max-width: 401px) 100vw, 401px\" \/><\/p>\n<div>\n<p style=\"text-align: center;\">Die Ruhr-Uni Bochum<\/p>\n<\/div>\n","protected":false},"excerpt":{"rendered":"<p>Die Ruhr-Universit\u00e4t Bochum ist ein Hafen. In ihm liegen Schiffe, die jeden Moment losfahren k\u00f6nnten. Wenn alle Schiffe weg sind, dann wird der Kapit\u00e4n, Elmar Weiler, mit dem Audimax untergehen denn das ist ja seine Pflicht. Die Ruhr-Uni Bochum<\/p>\n","protected":false},"author":1,"featured_media":0,"parent":0,"menu_order":0,"comment_status":"closed","ping_status":"closed","template":"","meta":[],"_links":{"self":[{"href":"http:\/\/bier.rub.de\/index.php?rest_route=\/wp\/v2\/pages\/256"}],"collection":[{"href":"http:\/\/bier.rub.de\/index.php?rest_route=\/wp\/v2\/pages"}],"about":[{"href":"http:\/\/bier.rub.de\/index.php?rest_route=\/wp\/v2\/types\/page"}],"author":[{"embeddable":true,"href":"http:\/\/bier.rub.de\/index.php?rest_route=\/wp\/v2\/users\/1"}],"replies":[{"embeddable":true,"href":"http:\/\/bier.rub.de\/index.php?rest_route=%2Fwp%2Fv2%2Fcomments&post=256"}],"version-history":[{"count":6,"href":"http:\/\/bier.rub.de\/index.php?rest_route=\/wp\/v2\/pages\/256\/revisions"}],"predecessor-version":[{"id":877,"href":"http:\/\/bier.rub.de\/index.php?rest_route=\/wp\/v2\/pages\/256\/revisions\/877"}],"wp:attachment":[{"href":"http:\/\/bier.rub.de\/index.php?rest_route=%2Fwp%2Fv2%2Fmedia&parent=256"}],"curies":[{"name":"wp","href":"https:\/\/api.w.org\/{rel}","templated":true}]}}