{"id":199,"date":"2013-06-21T19:02:12","date_gmt":"2013-06-21T17:02:12","guid":{"rendered":"http:\/\/bier.rub.de\/?page_id=199"},"modified":"2014-11-23T15:54:03","modified_gmt":"2014-11-23T13:54:03","slug":"bierbrauerrei","status":"publish","type":"page","link":"http:\/\/bier.rub.de\/?page_id=199","title":{"rendered":"Die Campusbrauerei"},"content":{"rendered":"<p class=\"lead\">&nbsp;<\/p>\n<p><strong>Eine eigene studentische Brauerei auf dem Campus<\/strong><\/p>\n<p>Wer hat nicht mal dran gedacht sich den Traum eines eigen gebrauten Biers zu erf\u00fcllen. Wir m\u00f6chten diesen Traum f\u00fcr alle Studierenden wahr werden lassen.<\/p>\n<p>Die Gr\u00fcnde liegen auf der Hand. Man k\u00f6nnte ein Produkt entwickeln, dass speziell auf die Bed\u00fcrfnisse der Studierenden angepasst wird und alle Studierenden mit einbezieht. Studierende de I-Reihen k\u00f6nnen die Brauereianlage entwickeln, bauen, warten und verbessern. Die Naturwissenschaftler und Mediziner k\u00f6nnten den Brauprozess entwickeln, \u00fcberwachen und stetig optimieren. Und die Geisteswissenschaftler k\u00f6nnten das Marketing, PR, Verwaltung und den Verkauf \u00fcbernehmen.<\/p>\n<p>Ein interdisziplin\u00e4res Projekt was alle Studierenden jeder Fachrichtung verbinden k\u00f6nnte. Dabei ist es uns wichtig, dass das Bier \u00f6kologisch produziert wird und f\u00fcr die Brauerei keine Gr\u00fcn-Fl\u00e4chen abgeholzt werden m\u00fcssten. Der Preis sollte auf einem studentischen Niveau bleiben. Kosten f\u00fcr den Unterhalt der Anlage, fiskale R\u00fccklagen f\u00fcr Ausf\u00e4lle und Verwaltungsmaterial sollten dabei so gering wie m\u00f6glich ausfallen.<\/p>\n<div style=\"text-align: center;\"><img loading=\"lazy\" class=\"aligncenter size-full wp-image-201\" src=\"http:\/\/bier.rub.de\/wp-content\/uploads\/2013\/06\/brauerei.png\" alt=\"brauerei\" width=\"439\" height=\"281\" \/>So k\u00f6nnte sie aussehnen, die neue RUB Brauerei<\/div>\n<div style=\"text-align: center;\"><\/div>\n<p>Zu \u00fcberlegen w\u00e4re, dass ein Teil des Preises direkt an die Studierenden zur\u00fcckgeht. Je h\u00f6her innerhalb eines Semesters der Verkauf ist desto geringer k\u00f6nnte der AStA-Beitrag im kommenden Semester ausfallen. Eine andere Idee w\u00e4re, dass der Preis f\u00fcr das gebraute Bier stetig gesenkt werden kann. Oder aber das Geld kommt direkt den Fachschaftsr\u00e4ten zu Gute, welche damit ihre Projekte finanzieren k\u00f6nnen.<\/p>\n<p>Uns als die Kultur-Liste ist es wichtig, dass \u00fcber den Namen des Bieres abgestimmt wird. Es k\u00f6nnen Vorschl\u00e4ge eingereicht werden wie z.B. Ruhrwasser, die dann zur Wahl stehen um dem Bier ein individuellen Namen zu geben.<\/p>\n<p>Es gibt nicht viele Studierende, die sich mit ihrer Uni identifizieren. Unsere Uni ist eine klassische Pendler-Uni. Aber w\u00e4re es nicht einzigartig zu behaupten, dass DEINE Uni eine studentische Bierbrauerei hat, die exzellentes Premium Bier braut, das alle Studierenden mit einbezieht? Somit ist eine eigene studentische Brauerei identit\u00e4tsstiftend.<\/p>\n<p><strong>Erweiterung des Optioalbereichs mit dem Kurs Bierologie<\/strong><\/p>\n<p>Der Kurs sollte inhaltlich die Geschichte, die Entwicklung bis hin zum Brauen des Bieres behandeln sowie die sozialen und kulturellen Aspekte dieses menschlichen Kulturgutes betrachten und erkl\u00e4ren. Kulturelle Bildung ist uns wichtig.<\/p>\n<div><img loading=\"lazy\" class=\"aligncenter size-full wp-image-202\" src=\"http:\/\/bier.rub.de\/wp-content\/uploads\/2013\/06\/brauerei.jpg\" alt=\"brauerei\" width=\"440\" height=\"318\" \/><\/div>\n<div style=\"text-align: center;\">Professoren der Bierologie (Szene nachgestellt)<\/div>\n","protected":false},"excerpt":{"rendered":"<p>&nbsp; Eine eigene studentische Brauerei auf dem Campus Wer hat nicht mal dran gedacht sich den Traum eines eigen gebrauten Biers zu erf\u00fcllen. Wir m\u00f6chten diesen Traum f\u00fcr alle Studierenden wahr werden lassen. Die Gr\u00fcnde liegen auf der Hand. Man k\u00f6nnte ein Produkt entwickeln, dass speziell auf die Bed\u00fcrfnisse der Studierenden angepasst wird und alle&#8230;  <a href=\"http:\/\/bier.rub.de\/?page_id=199\" class=\"more-link\" title=\"Read Die Campusbrauerei\">Read more &raquo;<\/a><\/p>\n","protected":false},"author":1,"featured_media":0,"parent":0,"menu_order":0,"comment_status":"closed","ping_status":"closed","template":"","meta":[],"_links":{"self":[{"href":"http:\/\/bier.rub.de\/index.php?rest_route=\/wp\/v2\/pages\/199"}],"collection":[{"href":"http:\/\/bier.rub.de\/index.php?rest_route=\/wp\/v2\/pages"}],"about":[{"href":"http:\/\/bier.rub.de\/index.php?rest_route=\/wp\/v2\/types\/page"}],"author":[{"embeddable":true,"href":"http:\/\/bier.rub.de\/index.php?rest_route=\/wp\/v2\/users\/1"}],"replies":[{"embeddable":true,"href":"http:\/\/bier.rub.de\/index.php?rest_route=%2Fwp%2Fv2%2Fcomments&post=199"}],"version-history":[{"count":13,"href":"http:\/\/bier.rub.de\/index.php?rest_route=\/wp\/v2\/pages\/199\/revisions"}],"predecessor-version":[{"id":1639,"href":"http:\/\/bier.rub.de\/index.php?rest_route=\/wp\/v2\/pages\/199\/revisions\/1639"}],"wp:attachment":[{"href":"http:\/\/bier.rub.de\/index.php?rest_route=%2Fwp%2Fv2%2Fmedia&parent=199"}],"curies":[{"name":"wp","href":"https:\/\/api.w.org\/{rel}","templated":true}]}}